 (0 - -3))?
-14
Evaluate 0 - 12 - (-4 - (-7 + 8)).
-7
Evaluate (0 - (7 - 26)) + -5 + 0.
14
Evaluate 7 + -3 - 1 - ((3 - 4) + 2).
2
9 - 2 - (-116 + 117 + 29 + -1)
-22
What is the value of -8 - (1 - (-2 + -10)) - -8?
-13
What is the value of (-2 - 4) + (-7 - -3 - -25)?
15
-12 - ((-3 + 10 - 0) + -9)
-10
-18 - (2 + 1 + -9) - (3 + -6)
-9
-2 - (-4 + 3) - (-9 + -3)
11
Calculate 0 + (8 - -1 - (41 + -47)).
15
Calculate (13 - 13) + 6 + 1 + 4 + -2.
9
(9 - (-2 - 19)) + (0 - 0)
30
What is the value of 0 + (8 - 5) + 11 + 1?
15
Calculate 30 - (9 + 8) - (13 - -2).
-2
What is (-10 - ((-13 - -3) + 12)) + 7?
-5
What is the value of -8 - (-18 + 22) - 6?
-18
What is the value of 1 + -6 - ((39 + -18 - 10) + -7)?
-9
-16 + (45 + -22 - 12)
-5
Evaluate 11 - ((-5 - 6) + 35).
-13
Calculate 0 + 15 - (11 + 10).
-6
What is the value of (-20 - -28 - -11) + -4 - (0 - 2)?
17
9 + -30 + -4 - -51
26
Calculate (-3 - 0 - -19) + -3 + 15.
28
What is 1 + 15 + (23 - 0) + -31?
8
What is (-2 - 0) + -23 + 4565 + -4573?
-33
Evaluate -29 + 7 + -35 + 30.
-27
What is (-14 - (20 + 0)) + 19?
-15
What is the value of (2 + 0 - 5) + -3 + -4?
-10
What is -17 + 2 - (-194 + 182 - (-8 - -1))?
-10
What is the value of (10 - 3 - (2 - (4 + -7))) + -18?
-16
What is (-1 - (38 - 41)) + (-2 - (-23 - 2))?
25
Calculate 22 - (13 - (-3 - -18) - (-2 + -6)).
16
-1 - 0 - (56 - (38 - -35))
16
What is -1 + 6 + (0 - (-3 + 6 - -16))?
-14
1 + -3 - ((37 - (2 - 6)) + -14)
-29
-6 + 1 + (24 - 7 - 9) - 2
1
What is (1 - -27) + -2 - (336 - 326)?
16
What is -12 + 18 + -3 + (-3 - 1)?
-1
Evaluate 9 - (2 - (7 - -2)).
16
15 + -1 + -4 + (5 - 7) + 4
12
-11 + (-8 - -14 - (4 - (-3 + 1)))
-11
What is (2 - (5 + -2)) + (3 - (-11 + 3))?
10
Calculate 0 + (3 - 0) - (-10 - -18).
-5
Evaluate -17 + (-5 - -7) - -16.
1
-4 + 15 + -7 + 11
15
What is the value of (12 - -14) + -22 - (4 - -1)?
-1
9 + (-11 - (-8 + 10 + 1))
-5
What is 20 - 24 - -31 - (-21 + 10)?
38
What is -8 - -2 - (13 + 74 + -71)?
-22
What is the value of -17 - -4 - (148 - 176)?
15
What is the value of (-1 - (2 - (6 - 2))) + (11 - 3)?
9
What is the value of (15 - (5 - -14) - -18) + (5 - 1)?
18
Calculate -7 - (8 + (-10 - (-16 + 3))).
-18
What is 0 + 17 - (43 - (12 + 22))?
8
What is the value of 13 + -46 - (3 - 56)?
20
Evaluate 1 + 0 - (-33 + (10 - -5) + 8).
11
-11 + (1 - -8) - -18
16
Evaluate -5 - (0 + 1) - (-81 + 74) - -8.
9
What is the value of 13 + -2 + -6 + 5 - 14?
-4
What is the value of -22 + 1 + -7 + (6 + 15 - 12)?
-19
Calculate -6 - (-5 + (-3 - (-1 + -3 + -1))).
-3
What is -1 - (8 - (6 - -6)) - 14?
-11
Evaluate (6 - 1 - (-50 + 39)) + -33.
-17
Calculate 29 - (-5 - (28 - 58)).
4
What is the value of 9 + -22 + 7 + (-1 - (-4 - 0))?
-3
13 + (2 - (-10 - -23)) + -15
-13
Evaluate (0 - -9 - (40 + -35)) + -2 - -7.
9
Evaluate -8 + 21 + 28 + -14.
27
What is the value of (-2 - 9) + (241 - 241)?
-11
Evaluate -2 + -2 + -1 - (43 + 18 + -46).
-20
Evaluate -16 + 2 + 25 + -22.
-11
Calculate 0 + 0 + (-13 - -15 - 19).
-17
Evaluate -18 + -22 + -17 + 25.
-32
Evaluate -11 - -4 - (-18 + -7 + 5).
13
Evaluate 4 + (5 - (32 + -6) - (-6 - -5)).
-16
What is 9 + (4 - 3) - 2 - (-3 - -7)?
4
2 + 4 - (-31 - (-31 + -8))
-2
2 - (71 + -66 - (1 - 6))
-8
Calculate -9 + 11 + 4 + 18.
24
Evaluate 18 + -8 + 4 - 2.
12
Evaluate -21 + 0 + -291 + 302.
-10
What is 26 - (26 + (-19 - -24))?
-5
Evaluate (18 - 8) + 17 + -37.
-10
0 + -7 + 1 - (-6 + 35 + -30)
-5
Evaluate (2 - (0 - 7)) + (-48 - -42) - -7.
10
What is the value of 11 + -1 + -4 + -12 + (-8 - -12)?
-2
Calculate (-26 - -1) + (42 - 15).
2
Evaluate 28 - (2 - -4 - 4) - (-51 - -52).
25
Calculate -1 + (2 - -1) - (-1 + -4 - -6).
1
7 + 6 - (8 - (-17 + 2))
-10
Calculate -4 + 11 + -7 - -5.
5
What is (49 - 10) + -31 + 1?
9
Calculate (-3 + 9 - 6 - -7) + -7 + -3.
-3
Evaluate 13 + (16 - 20 - -6).
15
What is the value of -8 + (0 - 3 - 7) + 7?
-11
Evaluate 19 - (-5 + 6 + (7 - (17 + -7))).
21
Calculate (-50 - -25 - -15) + (-1 + -1 - -26).
14
Evaluate (7 - -2) + -4 + 2 + -17.
-10
What is the value of -416 + 439 - (0 + 12)?
11
Calculate 15 + -1 - (16 - -8 - 17).
7
-8 + (7 + -11 - (-12 - 0))
0
What is -9 + 4 - -7 - (-1 + 7)?
-4
What is (-5 - (-7 - 4)) + 15 - 7?
14
94 + -90 - (0 + (-1 - 8))
13
7 - ((32 + -68 - -41) + (20 - -1))
-19
What is -12 + (24 - 13 - 4)?
-5
What is 9 + -14 - (-6 + -2 - -3) - -10?
10
Evaluate (178 - 171) + (0 - 8 - (-2 - -2)).
-1
Calculate 31 + 4 + (0 - 28).
7
Evaluate (4 - 11) + -3 + 6.
-4
-12 + 14 + -22 + 16
-4
What is the value of -15 - (16 + -42 - -2)?
9
What is (2 - (-5 - -2)) + (169 - 147)?
27
Evaluate -5 + -15 + (8 - (5 + -2 + -1)).
-14
What is the value of 18 - (-4 + 2 + (18 - (17 - 5)))?
14
Calculate -6 - -7 - (4 - (-8 + -1)).
-12
What is the value of -22 + (-1 - -12) - (-2 + (0 - 2))?
-7
What is -3 + (-3 - (-18 - -4))?
8
Evaluate -6 + 1 - -10 - -1.
6
Evaluate -1 + 36 - ((10 + -25 - -27) + -16).
39
What is 8 + -1 + -10 + -14?
-17
Evaluate 0 - (-27 - (3 + -26)).
4
What is 4 + (1 - (21 - 9)) + -1?
-8
Calculate 7 + (-32 - -13) + 11 + (32 - -2).
33
Calculate (2 - (1 + -2)) + 0 + (349 - 362).
-10
Calculate -1 - (13 - (-21 + 12) - (7 + -2)).
-18
What is the value of 23 + -11 + 5 + (-20 + -9 - -4)?
-8
Evaluate 9 - (3 - -6 - (30 - 13) - -3).
14
Calculate 28 - 11 - (-3 + -6).
26
What is -24 - (-15 - -6 - (2 - 2))?
-15
Evaluate 6 - 9 - -10 - (1 - 4).
10
Evaluate 15 - (27 - (-11 - -4) - -8).
-27
Calculate -4 + (7 - (-10 - -3)).
10
What is -1 - -8 - ((3 - 4) + 80 + -72)?
0
Calculate 8 - (5 - (-7 + 8 + -20)).
-16
19 + 5 - (46 - -10)
-32
-5 - -15 - (-83 + 65)
28
What is the value of 2 + -2 + 9 - (-3 - -11) - -9?
10
What is 31 - 2 - 3 - (107 - 104)?
23
Calculate 235 + -217 - (2 + (-2 - -2)).
16
491 - 494 - ((-4 - 0) + -20)
21
-16 - (-13 + (8 - -6) + -35)
18
What is -18 + -28 + 35 - 5?
-16
-111 + 103 + 1 + -2 + -25
-34
What is the value of (-2 + 26 - 12) + -20?
-8
Calculate -7 + 34 + -6 + -10.
11
Evaluate -5 - ((-11 - -1) + -2 + 5 + -2).
4
Calculate 1 - 13 - (7 + -9 - 1).
-9
2 - 1 - (21 - 34 - (-3 - 5))
6
What is the value of 6 - (0 + 5 + -7) - -1?
9
What is the value of 4 - 26 - -11 - -6?
-5
What is the value of 2 - ((22 - (24 - -4)) + -1 + -1)?
10
What is the value of -5 - (0 - 2) - (-396 + 399)?
-6
Calculate -4 + -9 + (-8 + 10 - -1).
-10
What is the value of (8 - 20) + 5 + 1 + -6 + -1?
-13
What is the value of -1 + 19 + -7 + 19 + -17 + 0?
13
Evaluate 0 + -8 + (-5 - -7) + 0.
-6
(1 - ((-1 - 5) + 2)) + 12 + -10
7
What is 2 + 0 + 22 + -9 + -3 - 4?
8
Evaluate 0 + ((-2 - 3) + (16 - 19) - -9).
1
What is the value of 5 - (1 + 2) - -4 - 1?
5
-181 + 178 + (-2 - -17)
12
Evaluate 9 + 6 + (-1 - (-4 + 4)).
14
Calculate -5 + (3 + -7 - -8 - 12).
-13
What is 14 + (10 + -58 - -18) + 41?
25
(0 + -1 - 4) + -3227 + 3249
17
What is the value of -84 - -85 - (1 - -2)?
-2
Evaluate -29 + 2 - (164 - 176).
-15
Evaluate (-1 - 3) + 47 + -51.
-8
64 + (22 - 86) - (0 - -11)
-11
What is -27 - (22 + -7 - 25)?
-17
What is 2 + 13 + 6 + -3 + 5?
23
7 + -3 + 0 + (-30 - (-4 + -24))
2
What is the value of 3 - (0 + -4 + -5 - -10)?
2
Evaluate (-2 + 0 - -2 - (-15 + 10)) + -6.
-1
What is the value of -16 + (8 - (-8 - (-31 - -14)))?
-17
-8 + (2 - (-10 + 12) - -9)
1
Evaluate 8 - (-23 - -11 - -8 - -2).
10
Calculate -5 + (-6 - -2 - (-27 + 15)).
3
What is (-2 - -2) + 0 + 13 - 7?
6
Calculate -44 + (-16 - -8) + 44.
-8
Evaluate 53 + -38 + 1 + -36.
-20
(-16 - -11 - -17) + -21 + 1
-8
What is -37 + 22 + (11 - -1)?
-3
What is the value of 7 + (-1 - (-17 - -10) - -6 - 30)?
-11
What is the value of 24 - ((-7 - -26) + -6 + -2)?
13
Calculate -5 + 0 - (-11 - (1 + -17)).
-10
Evaluate 187 - 187 - ((11 - -1) + 1).
-13
What is the value of -19 - (15 + -50 + 15)?
1
What is -32 - (-11 + (-6 - 2 - -11)) - -1?
-23
Evaluate -141 + (136 - 0) - (1 - (23 - 1)).
16
Evaluate 1 + -7 + (12 - 5).
1
What is 5 - ((-2 - (15 + -12)) + 22)?
-12
What is (3 + 10 - -5) + (3 - 1 - -1)?
21
What is -12 - -1 - (-1132 - -1102 - (-46 + -1))?
-28
Calculate -42 - (-20 - 42 - -20).
0
7 + -1 - (5 + 2 - -3)
-4
What is the value of -4 + 3 + 2 + (12 - (-15 + 31))?
-3
Evaluate -15 - (-65 + 41 + 18).
-9
7 + -81 + 60 - (21 + -1)
-34
What is (-15 - 1) + 11 - 12?
-17
Evaluate 5 + (-25 + (3 - -1) - -5) - -3.
-8
-19 + (-6 - (6 - 21))
-10
0 + -1 + 4 - (-18 - -31)
-10
9 + (-20 + 41 + -11 - (-1 - 5))
25
What is -105 + 93 - (0 - 1)?
-11
Calculate 0 + (4 - 19) - (-1 + 2 - -2).
-18